{"id":60,"date":"2015-12-19T12:09:38","date_gmt":"2015-12-19T12:09:38","guid":{"rendered":"http:\/\/nordthemes.com\/iceberg\/?page_id=60"},"modified":"2023-11-15T20:58:49","modified_gmt":"2023-11-15T20:58:49","slug":"about","status":"publish","type":"page","link":"https:\/\/meio.eco.br\/inicio\/about\/","title":{"rendered":"<center>O que \u00e9 o MeiO<\/center>"},"content":{"rendered":"<p>&#8220;Do di\u00e1logo entre as diferen\u00e7as nasce a luz, pontes conectam territ\u00f3rios. Somos um grupo de l\u00edderes diversos, sem CNPJ, sem ego e sem partido, focados em ser a ponte para um mundo melhor, mais justo, mais sustent\u00e1vel e esperan\u00e7oso. Contribu\u00edmos para um mundo com menos divis\u00f5es e julgamentos atrav\u00e9s do di\u00e1logo e da escuta. A evolu\u00e7\u00e3o acontecer\u00e1 por meio da multiplica\u00e7\u00e3o de c\u00e9lulas. Todos que se conectarem ao prop\u00f3sito do movimento ser\u00e3o chamados de padrinhos. O movimento n\u00e3o tem um l\u00edder central nem propriedade. \u00c9 a possibilidade real de despertar uma nova consci\u00eancia e criar um mundo novo, livre de condicionamentos. As orienta\u00e7\u00f5es m\u00ednimas para as c\u00e9lulas estar\u00e3o na descri\u00e7\u00e3o do grupo do WhatsApp e poder\u00e3o ser revisadas. O movimento MEIO foi criado no dia 20\/9\/23 e est\u00e1 nos primeiros dias de uma jornada que busca trazer novas perspectivas sobre pol\u00edtica, neg\u00f3cios e exist\u00eancia para um mundo melhor. Entender o movimento exigir\u00e1 desapego dos condicionamentos mentais que habitamos. Em breve, criaremos plataformas digitais complementares com os registros mais relevantes para o compartilhamento cont\u00ednuo.<\/p>\n<hr \/>\n<p style=\"text-align: center;\">Descri\u00e7\u00e3o do Grupo de Whattsapp MeiO, na sua cria\u00e7\u00e3o em 20\/09\/23<\/p>\n<p style=\"text-align: center;\">\n","protected":false},"excerpt":{"rendered":"<p>&#8220;Do di\u00e1logo entre as diferen\u00e7as nasce a luz, pontes conectam territ\u00f3rios. Somos um grupo de l\u00edderes diversos, sem CNPJ, sem ego e sem partido, focados em ser a ponte para um mundo melhor, mais justo, mais sustent\u00e1vel e esperan\u00e7oso. Contribu\u00edmos para um mundo com menos divis\u00f5es e julgamentos atrav\u00e9s do di\u00e1logo e da escuta. A&hellip;<\/p>\n","protected":false},"author":1,"featured_media":2309,"parent":0,"menu_order":0,"comment_status":"closed","ping_status":"closed","template":"","meta":{"_monsterinsights_skip_tracking":false,"_monsterinsights_sitenote_active":false,"_monsterinsights_sitenote_note":"","_monsterinsights_sitenote_category":0,"footnotes":""},"class_list":["post-60","page","type-page","status-publish","format-standard","has-post-thumbnail","hentry"],"aioseo_notices":[],"_links":{"self":[{"href":"https:\/\/meio.eco.br\/inicio\/wp-json\/wp\/v2\/pages\/60","targetHints":{"allow":["GET"]}}],"collection":[{"href":"https:\/\/meio.eco.br\/inicio\/wp-json\/wp\/v2\/pages"}],"about":[{"href":"https:\/\/meio.eco.br\/inicio\/wp-json\/wp\/v2\/types\/page"}],"author":[{"embeddable":true,"href":"https:\/\/meio.eco.br\/inicio\/wp-json\/wp\/v2\/users\/1"}],"replies":[{"embeddable":true,"href":"https:\/\/meio.eco.br\/inicio\/wp-json\/wp\/v2\/comments?post=60"}],"version-history":[{"count":19,"href":"https:\/\/meio.eco.br\/inicio\/wp-json\/wp\/v2\/pages\/60\/revisions"}],"predecessor-version":[{"id":2407,"href":"https:\/\/meio.eco.br\/inicio\/wp-json\/wp\/v2\/pages\/60\/revisions\/2407"}],"wp:featuredmedia":[{"embeddable":true,"href":"https:\/\/meio.eco.br\/inicio\/wp-json\/wp\/v2\/media\/2309"}],"wp:attachment":[{"href":"https:\/\/meio.eco.br\/inicio\/wp-json\/wp\/v2\/media?parent=60"}],"curies":[{"name":"wp","href":"https:\/\/api.w.org\/{rel}","templated":true}]}}

<center>O que é o MeiO</center>

<p>&#8220;Do diálogo entre as diferenças nasce a luz, pontes conectam territórios. Somos um grupo de líderes diversos, sem CNPJ, sem ego e sem partido, focados em ser a ponte para um mundo melhor, mais justo, mais sustentável e esperançoso. Contribuímos para um mundo com menos divisões e julgamentos através do diálogo e da escuta. A evolução acontecerá por meio da multiplicação de células. Todos que se conectarem ao propósito do movimento serão chamados de padrinhos. O movimento não tem um líder central nem propriedade. É a possibilidade real de despertar uma nova consciência e criar um mundo novo, livre de condicionamentos. As orientações mínimas para as células estarão na descrição do grupo do WhatsApp e poderão ser revisadas. O movimento MEIO foi criado no dia 20/9/23 e está nos primeiros dias de uma jornada que busca trazer novas perspectivas sobre política, negócios e existência para um mundo melhor. Entender o movimento exigirá desapego dos condicionamentos mentais que habitamos. Em breve, criaremos plataformas digitais complementares com os registros mais relevantes para o compartilhamento contínuo.</p>
<hr />
<p style="text-align: center;">Descrição do Grupo de Whattsapp MeiO, na sua criação em 20/09/23</p>
<p style="text-align: center;">

<p>&#8220;Do diálogo entre as diferenças nasce a luz, pontes conectam territórios. Somos um grupo de líderes diversos, sem CNPJ, sem ego e sem partido, focados em ser a ponte para um mundo melhor, mais justo, mais sustentável e esperançoso. Contribuímos para um mundo com menos divisões e julgamentos através do diálogo e da escuta. A&hellip;</p>
