{"id":2217,"date":"2023-11-11T13:17:46","date_gmt":"2023-11-11T13:17:46","guid":{"rendered":"https:\/\/meio.eco.br\/inicio\/?page_id=2217"},"modified":"2023-11-11T13:40:00","modified_gmt":"2023-11-11T13:40:00","slug":"post-list","status":"publish","type":"page","link":"https:\/\/meio.eco.br\/inicio\/post-list\/","title":{"rendered":"Poesias"},"content":{"rendered":"\t\r\n\t\t<div class=\"pld-post-list pld-design-2 pld-clearfix\">\r\n\t\t\t\r\n\t\t\t<div class=\"pld-post-list-inr\">\r\n\t<div class=\"pld-post-list-content pld-clearfix pld-left-columns no-thumb-image\">\r\n\t\t\t\t<div class=\" pld-full-columns pld-medium-12 pld-columns\">\r\n\t\t\t<div class=\"pld-title-overlay-border\">\t\r\n\t\t\t\t\t\t\t\t\t<div class=\"pld-post-categories\">\r\n\t\t\t\t\t\t<a href=\"https:\/\/meio.eco.br\/inicio\/category\/poesias\/\">Poesias<\/a>\t\t\t\t\t<\/div>\r\n\t\t\t\t\r\n\t\t\t\t<h2 class=\"pld-post-title\">\t\t\r\n\t\t\t\t\t<a href=\"https:\/\/meio.eco.br\/inicio\/de-onde-te-olho\/\">De onde te olho<\/a>\r\n\t\t\t\t<\/h2>\r\n\r\n\t\t\t\t\t\t\r\n\t\t\t\t\t<div class=\"pld-post-meta\">\r\n\t\t\t\t\t\t\t\t\t\t\t\t\t<span>\r\n\t\t\t\t\t\t\t\tDe Lindolfo\t\t\t\t\t\t\t<\/span>\r\n\t\t\t\t\t\t\/&nbsp;&nbsp;17\/11\/2023\t\t\t\t\t<\/div>\r\n\t\t\t\t\t\t\t<\/div>\r\n\t\t\t\t\t\t\t<div class=\"pld-post-content\">\r\n\t\t\t\t\t<div class=\"pld-post-content-inner\">\r\n\t\t\t\t\t\tDe onde te olho &nbsp; Te vejo inimigo. Territ\u00f3rios divididos, murados guardados. Sentimentos divergentes, rancorosos. Palavras que me doem, n\u00e3o...\t\t\t\t\t<\/div>\r\n\t\t\t\t\t<a class=\"pld-readmorebtn\" href=\"https:\/\/meio.eco.br\/inicio\/de-onde-te-olho\/\">consulte Mais informa\u00e7\u00e3o<\/a>\t\t\t\t\t\r\n\t\t\t\t<\/div>\r\n\t\t\t\t\t<\/div>\r\n\t<\/div>\r\n<\/div><div class=\"pld-post-list-inr\">\r\n\t<div class=\"pld-post-list-content pld-clearfix pld-left-columns no-thumb-image\">\r\n\t\t\t\t<div class=\" pld-full-columns pld-medium-12 pld-columns\">\r\n\t\t\t<div class=\"pld-title-overlay-border\">\t\r\n\t\t\t\t\t\t\t\t\t<div class=\"pld-post-categories\">\r\n\t\t\t\t\t\t<a href=\"https:\/\/meio.eco.br\/inicio\/category\/poesias\/\">Poesias<\/a>\t\t\t\t\t<\/div>\r\n\t\t\t\t\r\n\t\t\t\t<h2 class=\"pld-post-title\">\t\t\r\n\t\t\t\t\t<a href=\"https:\/\/meio.eco.br\/inicio\/espaco-neutro\/\">Espa\u00e7o Neutro<\/a>\r\n\t\t\t\t<\/h2>\r\n\r\n\t\t\t\t\t\t\r\n\t\t\t\t\t<div class=\"pld-post-meta\">\r\n\t\t\t\t\t\t\t\t\t\t\t\t\t<span>\r\n\t\t\t\t\t\t\t\tDe Lindolfo\t\t\t\t\t\t\t<\/span>\r\n\t\t\t\t\t\t\/&nbsp;&nbsp;17\/11\/2023\t\t\t\t\t<\/div>\r\n\t\t\t\t\t\t\t<\/div>\r\n\t\t\t\t\t\t\t<div class=\"pld-post-content\">\r\n\t\t\t\t\t<div class=\"pld-post-content-inner\">\r\n\t\t\t\t\t\tEspa\u00e7o Neutro Onde n\u00e3o trago verdades absolutas. Ideol\u00f3gicas, culturais, religiosas, territoriais, ancestrais. Mesmo que tudo isto fa\u00e7a parte de mim,...\t\t\t\t\t<\/div>\r\n\t\t\t\t\t<a class=\"pld-readmorebtn\" href=\"https:\/\/meio.eco.br\/inicio\/espaco-neutro\/\">consulte Mais informa\u00e7\u00e3o<\/a>\t\t\t\t\t\r\n\t\t\t\t<\/div>\r\n\t\t\t\t\t<\/div>\r\n\t<\/div>\r\n<\/div><div class=\"pld-post-list-inr\">\r\n\t<div class=\"pld-post-list-content pld-clearfix pld-left-columns no-thumb-image\">\r\n\t\t\t\t<div class=\" pld-full-columns pld-medium-12 pld-columns\">\r\n\t\t\t<div class=\"pld-title-overlay-border\">\t\r\n\t\t\t\t\t\t\t\t\t<div class=\"pld-post-categories\">\r\n\t\t\t\t\t\t<a href=\"https:\/\/meio.eco.br\/inicio\/category\/poesias\/\">Poesias<\/a>\t\t\t\t\t<\/div>\r\n\t\t\t\t\r\n\t\t\t\t<h2 class=\"pld-post-title\">\t\t\r\n\t\t\t\t\t<a href=\"https:\/\/meio.eco.br\/inicio\/mudancas\/\">Mudan\u00e7as<\/a>\r\n\t\t\t\t<\/h2>\r\n\r\n\t\t\t\t\t\t\r\n\t\t\t\t\t<div class=\"pld-post-meta\">\r\n\t\t\t\t\t\t\t\t\t\t\t\t\t<span>\r\n\t\t\t\t\t\t\t\tDe Lindolfo\t\t\t\t\t\t\t<\/span>\r\n\t\t\t\t\t\t\/&nbsp;&nbsp;17\/11\/2023\t\t\t\t\t<\/div>\r\n\t\t\t\t\t\t\t<\/div>\r\n\t\t\t\t\t\t\t<div class=\"pld-post-content\">\r\n\t\t\t\t\t<div class=\"pld-post-content-inner\">\r\n\t\t\t\t\t\tMudan\u00e7as &nbsp; Mudan\u00e7as come\u00e7am dentro de si. No interior da alma. Quando se acalma e se percebe querendo mudar. Para...\t\t\t\t\t<\/div>\r\n\t\t\t\t\t<a class=\"pld-readmorebtn\" href=\"https:\/\/meio.eco.br\/inicio\/mudancas\/\">consulte Mais informa\u00e7\u00e3o<\/a>\t\t\t\t\t\r\n\t\t\t\t<\/div>\r\n\t\t\t\t\t<\/div>\r\n\t<\/div>\r\n<\/div><div class=\"pld-post-list-inr\">\r\n\t<div class=\"pld-post-list-content pld-clearfix pld-left-columns no-thumb-image\">\r\n\t\t\t\t<div class=\" pld-full-columns pld-medium-12 pld-columns\">\r\n\t\t\t<div class=\"pld-title-overlay-border\">\t\r\n\t\t\t\t\t\t\t\t\t<div class=\"pld-post-categories\">\r\n\t\t\t\t\t\t<a href=\"https:\/\/meio.eco.br\/inicio\/category\/poesias\/\">Poesias<\/a>\t\t\t\t\t<\/div>\r\n\t\t\t\t\r\n\t\t\t\t<h2 class=\"pld-post-title\">\t\t\r\n\t\t\t\t\t<a href=\"https:\/\/meio.eco.br\/inicio\/na-terra\/\">Na Terra<\/a>\r\n\t\t\t\t<\/h2>\r\n\r\n\t\t\t\t\t\t\r\n\t\t\t\t\t<div class=\"pld-post-meta\">\r\n\t\t\t\t\t\t\t\t\t\t\t\t\t<span>\r\n\t\t\t\t\t\t\t\tDe Lindolfo\t\t\t\t\t\t\t<\/span>\r\n\t\t\t\t\t\t\/&nbsp;&nbsp;17\/11\/2023\t\t\t\t\t<\/div>\r\n\t\t\t\t\t\t\t<\/div>\r\n\t\t\t\t\t\t\t<div class=\"pld-post-content\">\r\n\t\t\t\t\t<div class=\"pld-post-content-inner\">\r\n\t\t\t\t\t\tNa terra Trazer o c\u00e9u para a terra. Acolher o que vivemos, o que temos , o que somos e...\t\t\t\t\t<\/div>\r\n\t\t\t\t\t<a class=\"pld-readmorebtn\" href=\"https:\/\/meio.eco.br\/inicio\/na-terra\/\">consulte Mais informa\u00e7\u00e3o<\/a>\t\t\t\t\t\r\n\t\t\t\t<\/div>\r\n\t\t\t\t\t<\/div>\r\n\t<\/div>\r\n<\/div><div class=\"pld-post-list-inr\">\r\n\t<div class=\"pld-post-list-content pld-clearfix pld-left-columns no-thumb-image\">\r\n\t\t\t\t<div class=\" pld-full-columns pld-medium-12 pld-columns\">\r\n\t\t\t<div class=\"pld-title-overlay-border\">\t\r\n\t\t\t\t\t\t\t\t\t<div class=\"pld-post-categories\">\r\n\t\t\t\t\t\t<a href=\"https:\/\/meio.eco.br\/inicio\/category\/poesias\/\">Poesias<\/a>\t\t\t\t\t<\/div>\r\n\t\t\t\t\r\n\t\t\t\t<h2 class=\"pld-post-title\">\t\t\r\n\t\t\t\t\t<a href=\"https:\/\/meio.eco.br\/inicio\/o-ente\/\">O Ente<\/a>\r\n\t\t\t\t<\/h2>\r\n\r\n\t\t\t\t\t\t\r\n\t\t\t\t\t<div class=\"pld-post-meta\">\r\n\t\t\t\t\t\t\t\t\t\t\t\t\t<span>\r\n\t\t\t\t\t\t\t\tDe Lindolfo\t\t\t\t\t\t\t<\/span>\r\n\t\t\t\t\t\t\/&nbsp;&nbsp;17\/11\/2023\t\t\t\t\t<\/div>\r\n\t\t\t\t\t\t\t<\/div>\r\n\t\t\t\t\t\t\t<div class=\"pld-post-content\">\r\n\t\t\t\t\t<div class=\"pld-post-content-inner\">\r\n\t\t\t\t\t\tO Ente O\u00a0 Ente jur\u00eddico que nos abriga, abreviamos com a sigla PJ. Constitui nossa tribo de sustento e trabalho....\t\t\t\t\t<\/div>\r\n\t\t\t\t\t<a class=\"pld-readmorebtn\" href=\"https:\/\/meio.eco.br\/inicio\/o-ente\/\">consulte Mais informa\u00e7\u00e3o<\/a>\t\t\t\t\t\r\n\t\t\t\t<\/div>\r\n\t\t\t\t\t<\/div>\r\n\t<\/div>\r\n<\/div>\r\n\t\t\t\t\t<div class=\"pld-pagination pld-clearfix\">\r\n\r\n\t\t\t\t<span aria-current=\"page\" class=\"page-numbers current\">1<\/span>\n<a class=\"page-numbers\" href=\"https:\/\/meio.eco.br\/inicio\/wp-json\/wp\/v2\/pages\/2217\/page\/2\/\">2<\/a>\n<a class=\"page-numbers\" href=\"https:\/\/meio.eco.br\/inicio\/wp-json\/wp\/v2\/pages\/2217\/page\/3\/\">3<\/a>\n<span class=\"page-numbers dots\">&hellip;<\/span>\n<a class=\"page-numbers\" href=\"https:\/\/meio.eco.br\/inicio\/wp-json\/wp\/v2\/pages\/2217\/page\/5\/\">5<\/a>\n<a class=\"next page-numbers\" href=\"https:\/\/meio.eco.br\/inicio\/wp-json\/wp\/v2\/pages\/2217\/page\/2\/\">Pr\u00f3xima &raquo;<\/a>\t\t\t<\/div>\r\n\t\t\t<\/div>\r\n\t\n<p>&nbsp;<\/p>\n<p>&nbsp;<\/p>\n<p>&nbsp;<\/p>\n","protected":false},"excerpt":{"rendered":"<p>&nbsp; &nbsp; &nbsp;<\/p>\n","protected":false},"author":1,"featured_media":0,"parent":0,"menu_order":0,"comment_status":"closed","ping_status":"closed","template":"","meta":{"_monsterinsights_skip_tracking":false,"_monsterinsights_sitenote_active":false,"_monsterinsights_sitenote_note":"","_monsterinsights_sitenote_category":0,"footnotes":""},"class_list":["post-2217","page","type-page","status-publish","format-standard","hentry"],"aioseo_notices":[],"_links":{"self":[{"href":"https:\/\/meio.eco.br\/inicio\/wp-json\/wp\/v2\/pages\/2217","targetHints":{"allow":["GET"]}}],"collection":[{"href":"https:\/\/meio.eco.br\/inicio\/wp-json\/wp\/v2\/pages"}],"about":[{"href":"https:\/\/meio.eco.br\/inicio\/wp-json\/wp\/v2\/types\/page"}],"author":[{"embeddable":true,"href":"https:\/\/meio.eco.br\/inicio\/wp-json\/wp\/v2\/users\/1"}],"replies":[{"embeddable":true,"href":"https:\/\/meio.eco.br\/inicio\/wp-json\/wp\/v2\/comments?post=2217"}],"version-history":[{"count":12,"href":"https:\/\/meio.eco.br\/inicio\/wp-json\/wp\/v2\/pages\/2217\/revisions"}],"predecessor-version":[{"id":2229,"href":"https:\/\/meio.eco.br\/inicio\/wp-json\/wp\/v2\/pages\/2217\/revisions\/2229"}],"wp:attachment":[{"href":"https:\/\/meio.eco.br\/inicio\/wp-json\/wp\/v2\/media?parent=2217"}],"curies":[{"name":"wp","href":"https:\/\/api.w.org\/{rel}","templated":true}]}}