{"id":2171,"date":"2023-11-10T19:47:05","date_gmt":"2023-11-10T19:47:05","guid":{"rendered":"https:\/\/meio.eco.br\/inicio\/?page_id=2171"},"modified":"2025-08-29T12:25:30","modified_gmt":"2025-08-29T12:25:30","slug":"cartilha-meio-pdf","status":"publish","type":"page","link":"https:\/\/meio.eco.br\/inicio\/cartilha-meio-pdf\/","title":{"rendered":"A Cartilha do Meio"},"content":{"rendered":"<p>&nbsp;<\/p>\n<p style=\"text-align: center;\">Manifesto MeiO<br \/>\n(Movimento de Empreendedores Integradores e Otimistas)<\/p>\n<p>O MeiO tem o prop\u00f3sito de construir pontes que unem vis\u00f5es diferentes atrav\u00e9s do di\u00e1logo amoroso.<\/p>\n<p>Respeitamos a pluralidade de ideias e ideologias. Acolhemos cren\u00e7as e culturas diferentes. Somos agn\u00f3sticos por natureza. Temos esperan\u00e7a de um mundo melhor. Fomentamos inspira\u00e7\u00e3o e trocas entre mentes em expans\u00e3o.<\/p>\n<p>Aqui participam amigos, e amigos de amigos, que ousam sair de territ\u00f3rios condicionados e est\u00e3o dispostos a construir uma nova consci\u00eancia social menos conflitiva, mais evolutiva e integrada.<\/p>\n<p>Acreditamos no MeiO como um network com sentido, um lugar seguro onde o empreendedorismo encontra alma. Acreditamos na for\u00e7a das conex\u00f5es humanas e estamos unidos pelo prop\u00f3sito de preserv\u00e1-las.<\/p>\n<p>Nutrimos que o Estado Democr\u00e1tico de Direito evolua junto com um Estado Democr\u00e1tico de Consci\u00eancia.<\/p>\n<p>28\/08\/2025<\/p>\n","protected":false},"excerpt":{"rendered":"<p>&nbsp; Manifesto MeiO (Movimento de Empreendedores Integradores e Otimistas) O MeiO tem o prop\u00f3sito de construir pontes que unem vis\u00f5es diferentes atrav\u00e9s do di\u00e1logo amoroso. Respeitamos a pluralidade de ideias e ideologias. Acolhemos cren\u00e7as e culturas diferentes. Somos agn\u00f3sticos por natureza. Temos esperan\u00e7a de um mundo melhor. Fomentamos inspira\u00e7\u00e3o e trocas entre mentes em expans\u00e3o.&hellip;<\/p>\n","protected":false},"author":1,"featured_media":0,"parent":0,"menu_order":0,"comment_status":"closed","ping_status":"closed","template":"","meta":{"_monsterinsights_skip_tracking":false,"_monsterinsights_sitenote_active":false,"_monsterinsights_sitenote_note":"","_monsterinsights_sitenote_category":0,"footnotes":""},"class_list":["post-2171","page","type-page","status-publish","format-standard","hentry"],"aioseo_notices":[],"_links":{"self":[{"href":"https:\/\/meio.eco.br\/inicio\/wp-json\/wp\/v2\/pages\/2171","targetHints":{"allow":["GET"]}}],"collection":[{"href":"https:\/\/meio.eco.br\/inicio\/wp-json\/wp\/v2\/pages"}],"about":[{"href":"https:\/\/meio.eco.br\/inicio\/wp-json\/wp\/v2\/types\/page"}],"author":[{"embeddable":true,"href":"https:\/\/meio.eco.br\/inicio\/wp-json\/wp\/v2\/users\/1"}],"replies":[{"embeddable":true,"href":"https:\/\/meio.eco.br\/inicio\/wp-json\/wp\/v2\/comments?post=2171"}],"version-history":[{"count":6,"href":"https:\/\/meio.eco.br\/inicio\/wp-json\/wp\/v2\/pages\/2171\/revisions"}],"predecessor-version":[{"id":2511,"href":"https:\/\/meio.eco.br\/inicio\/wp-json\/wp\/v2\/pages\/2171\/revisions\/2511"}],"wp:attachment":[{"href":"https:\/\/meio.eco.br\/inicio\/wp-json\/wp\/v2\/media?parent=2171"}],"curies":[{"name":"wp","href":"https:\/\/api.w.org\/{rel}","templated":true}]}}

<p>&nbsp;</p>
<p style="text-align: center;">Manifesto MeiO<br />
(Movimento de Empreendedores Integradores e Otimistas)</p>
<p>O MeiO tem o propósito de construir pontes que unem visões diferentes através do diálogo amoroso.</p>
<p>Respeitamos a pluralidade de ideias e ideologias. Acolhemos crenças e culturas diferentes. Somos agnósticos por natureza. Temos esperança de um mundo melhor. Fomentamos inspiração e trocas entre mentes em expansão.</p>
<p>Aqui participam amigos, e amigos de amigos, que ousam sair de territórios condicionados e estão dispostos a construir uma nova consciência social menos conflitiva, mais evolutiva e integrada.</p>
<p>Acreditamos no MeiO como um network com sentido, um lugar seguro onde o empreendedorismo encontra alma. Acreditamos na força das conexões humanas e estamos unidos pelo propósito de preservá-las.</p>
<p>Nutrimos que o Estado Democrático de Direito evolua junto com um Estado Democrático de Consciência.</p>
<p>28/08/2025</p>

<p>&nbsp; Manifesto MeiO (Movimento de Empreendedores Integradores e Otimistas) O MeiO tem o propósito de construir pontes que unem visões diferentes através do diálogo amoroso. Respeitamos a pluralidade de ideias e ideologias. Acolhemos crenças e culturas diferentes. Somos agnósticos por natureza. Temos esperança de um mundo melhor. Fomentamos inspiração e trocas entre mentes em expansão.&hellip;</p>
